{"id":1225,"date":"2017-11-15T11:15:19","date_gmt":"2017-11-15T09:15:19","guid":{"rendered":"http:\/\/194.163.188.91\/?page_id=1225"},"modified":"2021-11-16T23:53:50","modified_gmt":"2021-11-16T21:53:50","slug":"about-us-1","status":"publish","type":"page","link":"https:\/\/bailiff-training-center.al\/?page_id=1225","title":{"rendered":"Rreth Nesh"},"content":{"rendered":"\t\t<div data-elementor-type=\"wp-page\" data-elementor-id=\"1225\" class=\"elementor elementor-1225\">\n\t\t\t\t\t\t<section class=\"elementor-section elementor-top-section elementor-element elementor-element-5003c74d elementor-section-boxed elementor-section-height-default elementor-section-height-default\" data-id=\"5003c74d\" data-element_type=\"section\" data-e-type=\"section\">\n\t\t\t\t\t\t<div class=\"elementor-container elementor-column-gap-default\">\n\t\t\t\t\t<div class=\"elementor-column elementor-col-100 elementor-top-column elementor-element elementor-element-ea32070\" data-id=\"ea32070\" data-element_type=\"column\" data-e-type=\"column\">\n\t\t\t<div class=\"elementor-widget-wrap elementor-element-populated\">\n\t\t\t\t\t\t<div class=\"elementor-element elementor-element-29a01c10 elementor-widget elementor-widget-text-editor\" data-id=\"29a01c10\" data-element_type=\"widget\" data-e-type=\"widget\" data-widget_type=\"text-editor.default\">\n\t\t\t\t<div class=\"elementor-widget-container\">\n\t\t\t\t\t\t\t\t\t[vc_row css=&#8221;.vc_custom_1510748400939{padding-bottom: 65px !important;}&#8221;][vc_column width=&#8221;1\/2&#8243;][vc_column_text]\r\n<h2><span style=\"color: #002147;\">Kush jemi ne<\/span><\/h2>\r\nQendra Komb\u00ebtare e Trajnimit t\u00eb P\u00ebrmbaruesve Privat\u00eb \u00ebsht\u00eb Institucioni p\u00ebrgjegj\u00ebs p\u00ebr trajnimin fillestar dhe vazhdues t\u00eb p\u00ebrmbaruesve gjyq\u00ebsor\u00eb privat\u00eb.\r\n\r\nQendra u ngrit dhe krijua m\u00eb 17.12.2020, dhe funksionon pran\u00eb Dhom\u00ebs Komb\u00ebtare t\u00eb P\u00ebrmbaruesve Gjyq\u00ebsor\u00eb.[\/vc_column_text][vc_column_text]\r\n<h2><span style=\"color: #002147;\">\u00c7far\u00eb b\u00ebjm\u00eb<\/span><\/h2>\r\nQendra ofron programet e trajnimit fillestar p\u00ebr kandidat\u00ebt p\u00ebr p\u00ebrmbarues gjyq\u00ebsor privat, programet e trajnimit vazhdues p\u00ebr p\u00ebrmbaruesit gjyq\u00ebsor\u00eb privat\u00eb aktiv t\u00eb licensuar, si dhe kurset e trajnimit p\u00ebr jurist\u00ebt q\u00eb synojn\u00eb njohuri profesionale, teorike dhe praktike n\u00eb fush\u00ebn e ekzekutimit t\u00eb detyruar p\u00ebrmbarimor.\r\n\r\nQendra ofron edhe trajnime informuese n\u00eb fush\u00ebn e ekzekutimit t\u00eb detyruesh\u00ebm p\u00ebr t\u00eb gjith\u00eb t\u00eb interesuarit, t\u00eb cil\u00ebt k\u00ebrkojn\u00eb informacione m\u00eb t\u00eb thelluara e specifike sa i p\u00ebrket veprimtaris\u00eb s\u00eb p\u00ebrmbarimit gjyq\u00ebsor.\r\n\r\nQendra boton materiale apo revistave n\u00eb fush\u00ebn e ekzekutimit t\u00eb detyruesh\u00ebm dhe organizon konferenca komb\u00ebtare apo nd\u00ebrkomb\u00ebtare\u00a0 n\u00eb bashk\u00ebpunim me institucione t\u00eb huaja, n\u00eb fush\u00ebn e ligjit dhe ve\u00e7an\u00ebrisht ekzekutimit t\u00eb detyruesh\u00ebm.[\/vc_column_text][\/vc_column][vc_column width=&#8221;1\/2&#8243;][vc_single_image image=&#8221;2215&#8243; img_size=&#8221;full&#8221;][\/vc_column][\/vc_row]\t\t\t\t\t\t\t\t<\/div>\n\t\t\t\t<\/div>\n\t\t\t\t\t<\/div>\n\t\t<\/div>\n\t\t\t\t\t<\/div>\n\t\t<\/section>\n\t\t\t\t<\/div>\n\t\t","protected":false},"excerpt":{"rendered":"<p>[vc_row css=&#8221;.vc_custom_1510748400939{padding-bottom: 65px !important;}&#8221;][vc_column width=&#8221;1\/2&#8243;][vc_column_text] Kush jemi ne Qendra Komb\u00ebtare e Trajnimit t\u00eb P\u00ebrmbaruesve Privat\u00eb \u00ebsht\u00eb Institucioni p\u00ebrgjegj\u00ebs p\u00ebr trajnimin fillestar dhe vazhdues t\u00eb p\u00ebrmbaruesve gjyq\u00ebsor\u00eb privat\u00eb. Qendra u ngrit dhe krijua m\u00eb 17.12.2020, dhe funksionon pran\u00eb Dhom\u00ebs Komb\u00ebtare t\u00eb P\u00ebrmbaruesve Gjyq\u00ebsor\u00eb.[\/vc_column_text][vc_column_text] \u00c7far\u00eb b\u00ebjm\u00eb Qendra ofron programet e trajnimit fillestar p\u00ebr kandidat\u00ebt p\u00ebr p\u00ebrmbarues gjyq\u00ebsor [&hellip;]<\/p>\n","protected":false},"author":1,"featured_media":0,"parent":0,"menu_order":0,"comment_status":"closed","ping_status":"closed","template":"","meta":{"footnotes":""},"class_list":["post-1225","page","type-page","status-publish","hentry"],"_links":{"self":[{"href":"https:\/\/bailiff-training-center.al\/index.php?rest_route=\/wp\/v2\/pages\/1225","targetHints":{"allow":["GET"]}}],"collection":[{"href":"https:\/\/bailiff-training-center.al\/index.php?rest_route=\/wp\/v2\/pages"}],"about":[{"href":"https:\/\/bailiff-training-center.al\/index.php?rest_route=\/wp\/v2\/types\/page"}],"author":[{"embeddable":true,"href":"https:\/\/bailiff-training-center.al\/index.php?rest_route=\/wp\/v2\/users\/1"}],"replies":[{"embeddable":true,"href":"https:\/\/bailiff-training-center.al\/index.php?rest_route=%2Fwp%2Fv2%2Fcomments&post=1225"}],"version-history":[{"count":11,"href":"https:\/\/bailiff-training-center.al\/index.php?rest_route=\/wp\/v2\/pages\/1225\/revisions"}],"predecessor-version":[{"id":2578,"href":"https:\/\/bailiff-training-center.al\/index.php?rest_route=\/wp\/v2\/pages\/1225\/revisions\/2578"}],"wp:attachment":[{"href":"https:\/\/bailiff-training-center.al\/index.php?rest_route=%2Fwp%2Fv2%2Fmedia&parent=1225"}],"curies":[{"name":"wp","href":"https:\/\/api.w.org\/{rel}","templated":true}]}}