{"id":2286,"date":"2021-11-09T23:48:12","date_gmt":"2021-11-09T21:48:12","guid":{"rendered":"http:\/\/bailiff-training-center.al\/?page_id=2286"},"modified":"2021-11-16T23:15:32","modified_gmt":"2021-11-16T21:15:32","slug":"drejtori-ekzekutiv","status":"publish","type":"page","link":"https:\/\/bailiff-training-center.al\/?page_id=2286","title":{"rendered":"Drejtori Ekzekutiv"},"content":{"rendered":"\t\t<div data-elementor-type=\"wp-page\" data-elementor-id=\"2286\" class=\"elementor elementor-2286\">\n\t\t\t\t\t\t<section class=\"elementor-section elementor-top-section elementor-element elementor-element-39ec784c elementor-section-boxed elementor-section-height-default elementor-section-height-default\" data-id=\"39ec784c\" data-element_type=\"section\" data-e-type=\"section\">\n\t\t\t\t\t\t<div class=\"elementor-container elementor-column-gap-default\">\n\t\t\t\t\t<div class=\"elementor-column elementor-col-100 elementor-top-column elementor-element elementor-element-4cbece31\" data-id=\"4cbece31\" data-element_type=\"column\" data-e-type=\"column\">\n\t\t\t<div class=\"elementor-widget-wrap elementor-element-populated\">\n\t\t\t\t\t\t<div class=\"elementor-element elementor-element-34ab1f6b elementor-widget elementor-widget-text-editor\" data-id=\"34ab1f6b\" data-element_type=\"widget\" data-e-type=\"widget\" data-widget_type=\"text-editor.default\">\n\t\t\t\t<div class=\"elementor-widget-container\">\n\t\t\t\t\t\t\t\t\t<p><\/p>\n<p>Tedi Malaveci \u00ebsht\u00eb Drejtori Ekzekutiv i Qendr\u00ebs Komb\u00ebtare t\u00eb Trajnimit t\u00eb P\u00ebrmbaruesve.&nbsp;<\/p>\n<p><\/p>\n<p><\/p>\n<p>Drejtori Ekzekutiv i Qendr\u00ebs drejton veprimtarin\u00eb e saj, harton, p\u00ebrdit\u00ebson dhe publikon kalendarin e veprimtarive t\u00eb Qendr\u00ebs, si edhe planifikon ngarkes\u00ebn m\u00ebsimore vjetore p\u00ebr stafin akademik q\u00eb do t\u00eb angazhohet n\u00eb realizimin e programit t\u00eb detyruesh\u00ebm t\u00eb trajnimit fillestar 1-vje\u00e7ar.<\/p>\n<p><\/p>\n<p><\/p>\n<p>Drejtori Ekzekutiv propozon stafin akademik t\u00eb Qendr\u00ebs dhe trajner\u00ebt p\u00ebr trajnimet vazhduese dhe aktivitetet e tjera trajnuese dhe kryen vler\u00ebsimin e trajner\u00ebve p\u00ebr \u00e7do fillim viti kalendarik.&nbsp;<\/p>\n<p><\/p>\n<p><\/p>\n<p>Drejtori Ekzekutiv i Qendr\u00ebs l\u00ebshon certifikat\u00ebn e p\u00ebrfundimit me sukses t\u00eb \u00e7do programi t\u00eb trajnimeve informuese, kurseve t\u00eb trajnimit, konference, t\u00eb organizuar nga Qendra dhe kujdeset p\u00ebr bashk\u00ebpunimin me institucione brenda dhe jasht\u00eb vendit p\u00ebr certifikime komb\u00ebtare dhe nd\u00ebrkomb\u00ebtare n\u00eb fush\u00ebn e formimit profesional.<\/p>\n<p><\/p>\n<p><\/p>\n<p><\/p>\n<p><\/p>\n<p><\/p>\n<p><\/p>\n<p><\/p>\n<p><\/p>\n<p><\/p>\n<p><\/p>\n<p><\/p>\t\t\t\t\t\t\t\t<\/div>\n\t\t\t\t<\/div>\n\t\t\t\t\t<\/div>\n\t\t<\/div>\n\t\t\t\t\t<\/div>\n\t\t<\/section>\n\t\t\t\t<\/div>\n\t\t","protected":false},"excerpt":{"rendered":"<p>Tedi Malaveci \u00ebsht\u00eb Drejtori Ekzekutiv i Qendr\u00ebs Komb\u00ebtare t\u00eb Trajnimit t\u00eb P\u00ebrmbaruesve.&nbsp; Drejtori Ekzekutiv i Qendr\u00ebs drejton veprimtarin\u00eb e saj, harton, p\u00ebrdit\u00ebson dhe publikon kalendarin e veprimtarive t\u00eb Qendr\u00ebs, si edhe planifikon ngarkes\u00ebn m\u00ebsimore vjetore p\u00ebr stafin akademik q\u00eb do t\u00eb angazhohet n\u00eb realizimin e programit t\u00eb detyruesh\u00ebm t\u00eb trajnimit fillestar 1-vje\u00e7ar. Drejtori Ekzekutiv propozon [&hellip;]<\/p>\n","protected":false},"author":1,"featured_media":0,"parent":0,"menu_order":0,"comment_status":"closed","ping_status":"closed","template":"","meta":{"footnotes":""},"class_list":["post-2286","page","type-page","status-publish","hentry"],"_links":{"self":[{"href":"https:\/\/bailiff-training-center.al\/index.php?rest_route=\/wp\/v2\/pages\/2286","targetHints":{"allow":["GET"]}}],"collection":[{"href":"https:\/\/bailiff-training-center.al\/index.php?rest_route=\/wp\/v2\/pages"}],"about":[{"href":"https:\/\/bailiff-training-center.al\/index.php?rest_route=\/wp\/v2\/types\/page"}],"author":[{"embeddable":true,"href":"https:\/\/bailiff-training-center.al\/index.php?rest_route=\/wp\/v2\/users\/1"}],"replies":[{"embeddable":true,"href":"https:\/\/bailiff-training-center.al\/index.php?rest_route=%2Fwp%2Fv2%2Fcomments&post=2286"}],"version-history":[{"count":24,"href":"https:\/\/bailiff-training-center.al\/index.php?rest_route=\/wp\/v2\/pages\/2286\/revisions"}],"predecessor-version":[{"id":2562,"href":"https:\/\/bailiff-training-center.al\/index.php?rest_route=\/wp\/v2\/pages\/2286\/revisions\/2562"}],"wp:attachment":[{"href":"https:\/\/bailiff-training-center.al\/index.php?rest_route=%2Fwp%2Fv2%2Fmedia&parent=2286"}],"curies":[{"name":"wp","href":"https:\/\/api.w.org\/{rel}","templated":true}]}}