{"id":2288,"date":"2021-11-09T23:49:50","date_gmt":"2021-11-09T21:49:50","guid":{"rendered":"http:\/\/bailiff-training-center.al\/?page_id=2288"},"modified":"2021-11-12T01:12:54","modified_gmt":"2021-11-11T23:12:54","slug":"stafi-administrativ","status":"publish","type":"page","link":"https:\/\/bailiff-training-center.al\/?page_id=2288","title":{"rendered":"Stafi administrativ"},"content":{"rendered":"\t\t<div data-elementor-type=\"wp-page\" data-elementor-id=\"2288\" class=\"elementor elementor-2288\">\n\t\t\t\t\t\t<section class=\"elementor-section elementor-top-section elementor-element elementor-element-74d8fbd6 elementor-section-boxed elementor-section-height-default elementor-section-height-default\" data-id=\"74d8fbd6\" data-element_type=\"section\" data-e-type=\"section\">\n\t\t\t\t\t\t<div class=\"elementor-container elementor-column-gap-default\">\n\t\t\t\t\t<div class=\"elementor-column elementor-col-100 elementor-top-column elementor-element elementor-element-4c455f4a\" data-id=\"4c455f4a\" data-element_type=\"column\" data-e-type=\"column\">\n\t\t\t<div class=\"elementor-widget-wrap elementor-element-populated\">\n\t\t\t\t\t\t<div class=\"elementor-element elementor-element-95511f elementor-widget elementor-widget-text-editor\" data-id=\"95511f\" data-element_type=\"widget\" data-e-type=\"widget\" data-widget_type=\"text-editor.default\">\n\t\t\t\t<div class=\"elementor-widget-container\">\n\t\t\t\t\t\t\t\t\t<p><\/p>\n<p>Stafi administrativ i Qendr\u00ebs p\u00ebrbehet nga specialist\u00eb t\u00eb marr\u00ebdh\u00ebnieve me publikun t\u00eb rekrutuar n\u00eb&nbsp;&nbsp;baz\u00eb t\u00eb nevojave t\u00eb Qendr\u00ebs.&nbsp;&nbsp;<\/p>\n<p><\/p>\n<p>Stafi administrativ angazhohet p\u00ebrgjat\u00eb gjith\u00eb vitit n\u00eb t\u00eb gjitha proceset e realizimit t\u00eb veprimtarive t\u00eb Qendr\u00ebs dhe kujdeset p\u00ebr identifikimin, orientimin dhe monitorimin e pjes\u00ebmarr\u00ebsve n\u00eb aktivitetet trajnuese deri n\u00eb faz\u00ebn p\u00ebrfundimtare t\u00eb l\u00ebshimit t\u00eb certifikat\u00ebs.&nbsp;<\/p>\n<p><\/p>\n<p>Stafi administrativ kujdeset p\u00ebr mbar\u00ebvajtjen e trajnimeve, njoftimin dhe organizimin e tyre dhe \u00ebsht\u00eb n\u00eb gatishm\u00ebri n\u00eb \u00e7do dit\u00eb t\u00eb jav\u00ebs lidhur me informimin e realizimit t\u00eb veprimtarive trajnuese.<\/p>\n<p><\/p>\n<p>Stafi administrativ p\u00ebrkujdeset p\u00ebr kontaktet publike, orientimin e trajner\u00ebve dhe pjes\u00ebmarr\u00ebsve, nisur nga natyra praktike e trajnimeve, si dhe kujdeset p\u00ebr respektimin e vendimeve t\u00eb Qendr\u00ebs, agjend\u00ebn dhe njoftimet e saj.&nbsp;<br>Stafi administrativ mir\u00ebmban faqen zyrtare t\u00eb qendr\u00ebs&nbsp;<a href=\"https:\/\/bailiff-training-center.al\/\">www.bailiff-training-center.al<\/a> dhe siguron pasqyrimin e aktivitetit t\u00eb Qendr\u00ebs ndaj \u00e7do mjeti t\u00eb komunikimit masiv.<\/p>\n<p><\/p>\t\t\t\t\t\t\t\t<\/div>\n\t\t\t\t<\/div>\n\t\t\t\t\t<\/div>\n\t\t<\/div>\n\t\t\t\t\t<\/div>\n\t\t<\/section>\n\t\t\t\t<\/div>\n\t\t","protected":false},"excerpt":{"rendered":"<p>Stafi administrativ i Qendr\u00ebs p\u00ebrbehet nga specialist\u00eb t\u00eb marr\u00ebdh\u00ebnieve me publikun t\u00eb rekrutuar n\u00eb&nbsp;&nbsp;baz\u00eb t\u00eb nevojave t\u00eb Qendr\u00ebs.&nbsp;&nbsp; Stafi administrativ angazhohet p\u00ebrgjat\u00eb gjith\u00eb vitit n\u00eb t\u00eb gjitha proceset e realizimit t\u00eb veprimtarive t\u00eb Qendr\u00ebs dhe kujdeset p\u00ebr identifikimin, orientimin dhe monitorimin e pjes\u00ebmarr\u00ebsve n\u00eb aktivitetet trajnuese deri n\u00eb faz\u00ebn p\u00ebrfundimtare t\u00eb l\u00ebshimit t\u00eb certifikat\u00ebs.&nbsp; Stafi [&hellip;]<\/p>\n","protected":false},"author":1,"featured_media":0,"parent":0,"menu_order":0,"comment_status":"closed","ping_status":"closed","template":"","meta":{"footnotes":""},"class_list":["post-2288","page","type-page","status-publish","hentry"],"_links":{"self":[{"href":"https:\/\/bailiff-training-center.al\/index.php?rest_route=\/wp\/v2\/pages\/2288","targetHints":{"allow":["GET"]}}],"collection":[{"href":"https:\/\/bailiff-training-center.al\/index.php?rest_route=\/wp\/v2\/pages"}],"about":[{"href":"https:\/\/bailiff-training-center.al\/index.php?rest_route=\/wp\/v2\/types\/page"}],"author":[{"embeddable":true,"href":"https:\/\/bailiff-training-center.al\/index.php?rest_route=\/wp\/v2\/users\/1"}],"replies":[{"embeddable":true,"href":"https:\/\/bailiff-training-center.al\/index.php?rest_route=%2Fwp%2Fv2%2Fcomments&post=2288"}],"version-history":[{"count":18,"href":"https:\/\/bailiff-training-center.al\/index.php?rest_route=\/wp\/v2\/pages\/2288\/revisions"}],"predecessor-version":[{"id":2400,"href":"https:\/\/bailiff-training-center.al\/index.php?rest_route=\/wp\/v2\/pages\/2288\/revisions\/2400"}],"wp:attachment":[{"href":"https:\/\/bailiff-training-center.al\/index.php?rest_route=%2Fwp%2Fv2%2Fmedia&parent=2288"}],"curies":[{"name":"wp","href":"https:\/\/api.w.org\/{rel}","templated":true}]}}